*s**2 - 7*s + 14. Let b(x) = 3*x**3 + 76*x**2 - 22*x + 42. Let t(f) = 4*b(f) - 11*g(f). Is t(-13) prime?
True
Suppose 8*w - 11 = 5. Suppose 0 = x - 5*i - 15, 3*x + i + w*i = 9. Suppose -3*l - 1004 = -x*c, -c - l = c - 395. Is c composite?
False
Is 70163 + (-11)/((-88)/(-32)) prime?
False
Let j = -236 - -208. Is 5945 + (-7)/(j/(-24)) a prime number?
True
Let d be (-4)/14 - (-1 - 15/(-21)). Suppose -2*g + f - 9 = -d*g, -14 = -3*g - 4*f. Is -1*(680 - 3)*(-3 - g) a prime number?
True
Let l(k) = -1478*k + 421. Is l(-30) composite?
True
Let r be ((-885)/(-20))/((-3)/(-168)). Let l = r - 400. Is l composite?
True
Let x be 118/(-16) - 21/(-56). Is -1*x/(-21)*-13641*1 a prime number?
True
Suppose 2793444 = 480*f - 468*f. Is f a prime number?
False
Suppose -3*q = -k - 649440, 0 = 16*q - 12*q + k - 865927. Is q composite?
False
Let i = 645 - 534. Is ((i/9)/(-1))/(9/(-1809)) a composite number?
True
Suppose 8*o - 7*o = 4. Let y(h) = -o*h - 14 - 6*h + 21 - 9. Is y(-4) a composite number?
True
Let k(w) = 109*w + 54. Suppose -2*h - 4*b + 14 = 0, -2*h - 3*b + 15 + 2 = 0. Is k(h) a prime number?
True
Let f(b) = -632*b. Let x be f(1). Let m be ((-890)/4)/(2/(-12)). Let w = m + x. Is w a composite number?
True
Let b(t) = -2*t**2 - 110*t + 77. Let x be b(-55). Is 2134223/x + 5/(275/(-10)) prime?
False
Let d = 26145 + -18550. Suppose -7*x = -d - 49497. Suppose -3*z = 4*q - 13447, 3*z - 5288 = -q + x. Is z prime?
True
Let f = 713 + -711. Suppose 5*s + 3452 - 29191 = -2*a, 0 = -s - f*a + 5151. Is s a composite number?
False
Let v = 66165 + 28256. Is v a prime number?
True
Suppose -q = -16*q + 35535. Let u = -1692 + q. Is u prime?
True
Suppose 3*z + 7206 = y + 26278, -2*y - 4*z = 38124. Is 1/(2*((-76265)/y - 4)) a composite number?
False
Let d(v) be the second derivative of -v**5/20 - v**4/4 + 2*v**3/3 + 7*v**2/2 + 12*v. Let a be d(-4). Suppose -6*o = -a*o + 3369. Is o composite?
True
Let a(h) = -13*h**2 + h - 41. Let f(x) = 28*x**2 - 2*x + 84. Let t(k) = -13*a(k) - 6*f(k). Is t(29) a prime number?
False
Suppose 2*c - 4*l - 157014 = 0, 20*c = 22*c - 3*l - 157012. Is c a composite number?
True
Suppose 122*s - 57*s = -130*s + 33728955. Is s a prime number?
True
Let j = 758 - -437409. Is j composite?
True
Suppose -57*h - 6938162 = -79*h. Is h a prime number?
False
Let l be (2 - 8)*3215/(-10). Suppose -4*n = 2*o - 1558 - 6194, 4*o = n - l. Is n a composite number?
True
Let s = 514 + 339. Let g = -360 + s. Is g composite?
True
Suppose -12*z + 18 = -6*z. Suppose 5*s = z*d + d + 21305, 0 = -2*s - d + 8535. Is s a composite number?
True
Let b(d) = -d**3 - 10*d**2 + 13*d + 25. Let p(t) = t**2 + 27*t - 11. Let x be p(-27). Let m be b(x). Suppose 0 = -a - 5, k + m*a = -0*a + 203. Is k prime?
False
Is 140*190 + 2 + -5 a composite number?
False
Suppose 7*n + 5*b = 144394, -7*b + 3*b = -4. Is n prime?
True
Let k = 985 - -6450. Is k composite?
True
Let p be 0 - 0*1/(-4). Let r(s) = -17*s + 2*s - 3*s + p*s - 19. Is r(-9) a prime number?
False
Suppose -s - 5*l = -278483, -5*s - 3*l + 356087 = -1036240. Is s a composite number?
True
Let d(q) = 267*q**2 - 9*q - 8. Let j be d(10). Let o = j + -12696. Suppose -12*a = 5*a - o. Is a a prime number?
False
Let n(o) = 199576*o - 177. Is n(1) a composite number?
False
Let x(v) = v**3 + 25*v**2 - 28*v - 70. Let p be x(-26). Is (2999/(-6))/(3/p) a prime number?
True
Let q(p) = 1256*p**2 + 45*p - 878. Is q(13) prime?
False
Suppose -8*q + 624 = 8*q. Let n = 138 + q. Is n a prime number?
False
Let v = -4947 + 8738. Is v composite?
True
Suppose -3*s = m - 12 + 2, 2*s - 4*m - 16 = 0. Suppose -s*j = -j + 60. Is 159 - (-5)/(j/16) a composite number?
True
Let c be (9 + -1)/(-8)*919*-3. Let g be 1/((-14)/105)*(-4)/6. Is 20/(-50) + c/g prime?
False
Let d be ((-4)/(-6))/(12/(-2682)). Let y = d - -56. Is ((-2)/6)/(1/y) prime?
True
Let u = 40 - 31. Let j be (-1688)/6*u/(-6). Suppose -7*p - j = -9*p. Is p a prime number?
True
Suppose -5*c = -p - 71361 - 81800, -2*c + 5*p + 61292 = 0. Is c a composite number?
False
Let r(y) = 20*y**2 + 10*y - 47. Is r(11) a prime number?
False
Suppose 10*s - 19*s + 324 = 0. Suppose -d = 4*b - 35 - s, 5*d - 5*b - 405 = 0. Is d composite?
False
Suppose -733344 = -15*d - 81*d. Is d a composite number?
False
Let r(o) be the first derivative of 1779*o**2 - 115*o - 82. Is r(8) a composite number?
False
Let d = -28 - -29. Is (4816/(-35) - -3)*(d - 6) a prime number?
True
Is (-1040385)/(-7) - (-760)/1330 a prime number?
True
Let c(o) = 10*o + 214. Let x be c(-20). Let v(n) = 22*n**2 + 153*n - 21. Is v(x) a composite number?
True
Suppose -3*t + 10*q = 8*q - 111, -3*q - 111 = -3*t. Suppose t = 5*c - 668. Is c a prime number?
False
Suppose -3108 = -2*n - 3*v, 3*v - 6228 = -139*n + 135*n. Suppose r + 4*y + 907 = 0, -2*y + 1117 + 1646 = -3*r. Let k = n + r. Is k a prime number?
True
Suppose 156*d = 83*d + 12515777. Is d a prime number?
True
Suppose 0 = 2*z + 3*z + 5*n - 8040, -2*n = 0. Let i = z + 4373. Is i a prime number?
True
Let c = -9 + 9. Suppose -w = -5*a + 5, c*a - 5 = 4*a + w. Suppose 6*x - 1062 - 1932 = a. Is x a composite number?
False
Is 22932388/203 - ((-12)/14)/(-1 - 1) a prime number?
True
Let y = 100308 - -422989. Is y a prime number?
True
Let a(k) = 2*k**2 + 9*k - 3. Let i be 3/(-9)*13 + (-4)/6. Let s be a(i). Suppose 0 = 2*c - 6*c + s*l + 4716, 4712 = 4*c - l. Is c a composite number?
True
Let b = 326250 + -149927. Is b prime?
False
Let w = 5 + -1. Let n(k) = 1918*k**2 - 3832*k**2 + 3 + 1918*k**2. Is n(w) a prime number?
True
Let j = 385060 + -160863. Is j a composite number?
False
Let r(c) = -c**3 + 25*c**2 - 13*c + 19. Let q(w) = -w + 31. Let a be q(11). Is r(a) composite?
False
Let r = 3962 + -2756. Suppose 11*z - 8*z = r. Let l = z + -275. Is l composite?
False
Let l be 0/2 + (-255)/(-3). Let v be 2 + (-7 - -7) + 52. Let d = l - v. Is d composite?
False
Suppose 33615*q - 33629*q + 8117858 = 0. Is q a prime number?
False
Let l = 85091 - 59304. Is l a prime number?
False
Let v = -121645 + 192398. Is v composite?
False
Suppose -106*o = -295*o + 5292189. Is o composite?
False
Let o(h) = 108*h + 52*h - 161 + 3*h**2 - 127*h. Is o(-26) a composite number?
False
Suppose 4*y - 176524 = y + 5003. Is y prime?
True
Let g be 10/(-25) + (-12)/(-30). Suppose 18*v - 255078 = -g*v. Is v a prime number?
False
Suppose 0 = -5*s - 4 - 21. Let g be (-2)/s - ((-3332)/35)/7. Let y(j) = 13*j**2 - 31*j + 9. Is y(g) composite?
True
Let q = 7477 + 172. Is q prime?
True
Let o(t) = t**3 - 5*t**2 - 7*t + 13. Let c be o(6). Is c/((-14)/(-16)) + 9521 composite?
True
Suppose 162*w + 43*w = 10*w + 53240655. Is w composite?
False
Let h(m) = -5419*m + 491. Is h(-8) prime?
False
Let r(l) = 9684*l + 839. Is r(7) a prime number?
False
Let a(r) = 859*r**2 + 85*r - 59. Is a(8) composite?
True
Suppose -736*j = -783*j + 25897. Is j a composite number?
True
Suppose 10*k - 26042 = -9292. Suppose 4*z = 3*d + 9009, -2*z + d - k = -6180. Is z a composite number?
True
Suppose o + 5*o - 24*o + 2019258 = 0. Is o a composite number?
False
Let h = 21 + -27. Is (4 - -10)/(h/(-237)) composite?
True
Is (5 - (6 + -1)) + 29451 a composite number?
True
Let r(b) be the third derivative of 85*b**8/2016 + b**6/720 - 4*b**5/15 + 11*b**2. Let s(w) be the third derivative of r(w). Is s(1) composite?
True
Let y be -1*(-3 + 7480/(-11)). Let p = 204 + -62. Let u = y - p. Is u prime?
True
Let t(p) be the second derivative of p**4/2 - 13*p**3/6 - 19*p**2/2 + p. Suppose -3*h - 5*l = 24, 0 = -11*h + 10*h + 4*l - 8. Is t(h) a composite number?
True
Let h(x) be the first derivative of -37*x**2/2 + 15*x - 1512. Let c be (-2 + 0)/((-3)/(-21)). Is h(c) a composite number?
True
Suppose i = -2*k + 47, -5*k + 3 = -2*i - 137. Let h(n) = n + 41. Is h(k) prime?
True
Suppose -339380 + 3415009 = 23*d. Is d prime?
True
Let n = -72 - -37. Let p = n + -109. Let w = 613 + p. Is w composite?
True
Let r(q) = -52*q**2 - 6*q - 13. Let f(u) = -u**2 + 7. Let g(y) = 1. Let o(t) = f(t) - 6*g(t). Let x(m) = -2*o(m) - r(m). Is x(-4) a composite number?
True
Let c(x) = 6293*x**2 - 14*x - 11. Let o be c(-1). Suppose -4*w = -4, -o - 10626 = -3*n - 5*w. Is n a prime number?
True
Let f(z) = 105*z**3 + z - 14. Let n be f(2). Suppose 5*r - 3293 + n = 0. Is r prime?
False
Suppose -41932 = -14*x + 130030. Is x a composi